*r**2 + 712*r - 58364. Determine d(128).
4
Let f(c) = c**2 - 34*c - 24. Give f(31).
-117
Let q(l) = l**2 - 33*l - 1834. Give q(63).
56
Let r(u) = -48*u - 2182. Calculate r(-47).
74
Let a(p) = -371*p + 2488. What is a(7)?
-109
Let v(t) = -3*t**2 + 8*t + 82. What is v(-7)?
-121
Let m(c) = -104*c + 5093. Determine m(49).
-3
Let b(r) = -3*r**3 + 26*r**2 + 24*r - 70. What is b(9)?
65
Let b(n) = 25*n - 256. What is b(11)?
19
Let j(s) = 7*s**2 - 295*s + 1317. Give j(5).
17
Let j(n) = -n**3 + 33*n**2 + 74*n - 197. Give j(35).
-57
Let h(t) = 80*t - 80. Give h(2).
80
Let q(a) = 12*a + 204. What is q(-17)?
0
Let y(p) = 24*p**3 + 2*p**2 - p + 3. Calculate y(2).
201
Let y(w) = -w**2 + 63*w + 65. What is y(0)?
65
Let w(q) = -q**3 - 30*q**2 - 267*q + 3. Determine w(-15).
633
Let i(w) = w**3 - 17*w**2 + 38*w + 3. Determine i(4).
-53
Let c(o) = o**3 + 91*o**2 - 29077*o - 659. Give c(131).
-4
Let f(d) = 3158*d + 15799. Calculate f(-5).
9
Let t(v) = -28*v - 1947. What is t(-57)?
-351
Let z(b) = -6*b + 42. What is z(-23)?
180
Let t(c) = -c**3 - 28*c**2 - 57*c - 112. Calculate t(-26).
18
Let s(q) = -q**3 - 80*q**2 + 6*q - 6104. Calculate s(-81).
-29
Let r(t) = -t**2 - 29*t - 181. What is r(-27)?
-127
Let w(n) = -2*n**3 - 34*n**2 - 31*n + 28. Determine w(-16).
12
Let n(w) = -17*w**2 - 5*w + 16. Calculate n(-5).
-384
Let k(p) = -28*p + 85. Give k(2).
29
Let z(l) = l**2 - 83*l + 857. Give z(71).
5
Let d(j) = -j**2 - 29*j - 207. Determine d(-13).
1
Let p(h) = -10*h**2 + 229*h + 16. Calculate p(23).
-7
Let z(q) = 21*q**2 - 9*q + 7. Calculate z(1).
19
Let a(l) = -l**2 - 3*l + 12. Determine a(0).
12
Let q(c) = c**3 + 75*c**2 - 154*c + 48. What is q(-77)?
48
Let h(p) = -3*p**2 - 182*p - 66. What is h(-61)?
-127
Let s(q) = -q**3 + 7*q**2 - 4*q + 99. Give s(8).
3
Let q(i) = i**2 - 22*i + 16. Give q(21).
-5
Let f(x) = -x**3 - 85*x**2 - 477*x - 214. What is f(-79)?
23
Let x(q) = q**2 + 108*q + 1469. Determine x(-16).
-3
Let q(w) = -2*w**2 - 89*w + 331. Determine q(-49).
-110
Let v(w) = 2*w**3 + 8*w**2 - 7*w - 14. Determine v(-7).
-259
Let j(y) = 6*y**2 - 68*y + 171. Calculate j(17).
749
Let l(x) = 10*x - 10. Calculate l(-10).
-110
Let b(w) = 2*w**2 + 31*w - 247. Give b(-22).
39
Let x(a) = -8*a + 58. What is x(8)?
-6
Let m(z) = z**2 - 26*z - 149. What is m(26)?
-149
Let b(x) = 33*x - 2340. Calculate b(43).
-921
Let y(d) = d**2 + 34. Give y(11).
155
Let u(j) = -4*j**3 + 3*j**2 - 5*j + 1. Determine u(1).
-5
Let n(c) = 3*c**3 - 28*c**2 - 13*c + 194. What is n(9)?
-4
Let l(h) = -198*h - 2906. Give l(-14).
-134
Let r(z) = -z**2 - z + 227. Give r(-16).
-13
Let c(y) = -26*y - 903. What is c(-34)?
-19
Let b(s) = -4*s**2 + 97*s - 102. What is b(23)?
13
Let x(b) = b**2 - 17*b - 239. Determine x(26).
-5
Let q(k) = -k**2 - 3*k - 15. Determine q(4).
-43
Let h(m) = 24*m - 515. Give h(17).
-107
Let d(l) = -2*l**2 - 26*l + 8. What is d(2)?
-52
Let q(y) = 4*y**2 - 77*y - 2064. Give q(-15).
-9
Let v(a) = 15*a - 719. What is v(42)?
-89
Let w(x) = -46*x - 219. Give w(-7).
103
Let u(t) = -21*t + 550. Give u(25).
25
Let g(d) = -2*d**3 + 10*d**2 + 50*d + 6. Give g(8).
22
Let u(q) = -2*q**3 - 95*q**2 - 68*q - 985. Give u(-47).
2
Let q(f) = 697*f + 4187. Determine q(-6).
5
Let g(f) = -43*f - 2822. Determine g(-68).
102
Let u(q) = 77*q - 60. What is u(2)?
94
Let l(y) = -7*y - 56. Calculate l(17).
-175
Let l(o) = -o**3 - 4*o**2 - 2*o + 50. What is l(-6)?
134
Let q(y) = 8*y**3 + 63*y**2 - 8*y - 2. Calculate q(-7).
397
Let c(r) = 64*r - 159. What is c(5)?
161
Let p(b) = 5*b**3 + 4*b - 3. Determine p(2).
45
Let c(k) = k**3 - 3*k**2 + 11*k + 12. Give c(-4).
-144
Let t(l) = 2*l**2 + 134*l - 272. Calculate t(-69).
4
Let d(p) = -3*p**2 + 31*p + 32. Determine d(14).
-122
Let l(g) = -g**3 - 12*g**2 - 5*g - 156. Determine l(-13).
78
Let w(x) = x**3 + 4*x**2 + 14*x + 44. Calculate w(-6).
-112
Let f(m) = -197*m + 1776. Determine f(9).
3
Let x(j) = -j**3 + 5*j**2 + 2*j - 3. What is x(-4)?
133
Let b(c) = 2*c**2 - 189*c + 2061. Give b(82).
11
Let y(c) = 14*c**3 - c**2 + 3*c + 7. Give y(-2).
-115
Let i(p) = p**2 - 29*p + 301. Determine i(11).
103
Let k(v) = 2*v**3 - 9*v**2 + 4*v + 4. Calculate k(4).
4
Let m(d) = -128*d + 2942. Calculate m(23).
-2
Let q(p) = -67*p - 75. Calculate q(-4).
193
Let p(v) = v**3 - 21*v**2 - 8*v + 11. What is p(0)?
11
Let f(t) = 23*t + 500. Give f(-20).
40
Let c(x) = -92*x**2 - 20*x - 19. Calculate c(-2).
-347
Let i(u) = -u**3 - 13*u**2 - 5*u + 14. What is i(-12)?
-70
Let l(z) = z**3 + 46*z**2 - 44*z + 187. Give l(-47).
46
Let y(n) = n + 11. Calculate y(-9).
2
Let h(z) = 2*z**3 - 62*z**2 - 3*z + 107. Determine h(31).
14
Let v(i) = 2*i**3 + 70*i**2 - 68*i + 159. Give v(-36).
15
Let r(g) = -932*g - 6323. Determine r(-7).
201
Let m(f) = 122*f - 624. Give m(5).
-14
Let b(l) = -205*l**2 + 14*l + 17. Calculate b(0).
17
Let l(y) = 3*y**2 + 150*y + 92. Determine l(-46).
-460
Let f(q) = -123*q - 4346. Calculate f(-37).
205
Let g(x) = x**3 - 14*x**2 + 117*x - 780. Give g(10).
-10
Let h(p) = -p**3 - 9*p**2 + 1415*p + 14063. Give h(-10).
13
Let c(w) = -3*w**2 + 20*w + 79. Give c(-3).
-8
Let m(x) = -299*x + 17047. What is m(57)?
4
Let h(m) = -17829*m + 53478. Calculate h(3).
-9
Let m(n) = n**3 + 16*n**2 + 27*n - 45. Determine m(-14).
-31
Let t(y) = -y**2 + 149*y - 3737. Calculate t(117).
7
Let l(k) = -k**2 + 85*k + 1048. Calculate l(96).
-8
Let n(f) = 2*f**3 + 10*f**2 - 20*f + 92. Calculate n(-7).
36
Let o(f) = -182*f + 8731. Give o(48).
-5
Let k(s) = s**3 - 22*s**2 + 48*s + 11. Calculate k(20).
171
Let r(d) = -d**2 - 619*d + 16780. Calculate r(26).
10
Let p(t) = t**3 - 64*t**2 - 2*t + 191. Calculate p(64).
63
Let x(i) = 7*i - 225. Give x(43).
76
Let u(v) = v**2 - 8*v - 43. What is u(-15)?
302
Let v(h) = -h**3 - 13*h**2 + 62*h - 3. What is v(4)?
-27
Let r(x) = -1481*x + 2966. Determine r(2).
4
Let a(n) = -86478*n + 518865. Give a(6).
-3
Let m(p) = 1367*p + 8155. Give m(-6).
-47
Let o(q) = -2*q**3 - 30*q**2 - 26*q + 30. What is o(-14)?
2
Let z(o) = -o**2 + 26*o + 265. What is z(-12)?
-191
Let j(q) = q**2 + 2643*q + 15817. Determine j(-6).
-5
Let i(k) = -13*k**2 + 28*k - 5. Determine i(2).
-1
Let u(f) = 11*f**3 + 857*f**2 - 82*f - 304. What is u(-78)?
8
Let w(v) = -22*v - 412. Calculate w(-16).
-60
Let k(m) = -m**3 - 38*m**2 + 129*m + 249. Give k(-41).
3
Let t(g) = -3*g**3 + 32*g**2 + 99*g + 3. Calculate t(-3).
75
Let o(a) = -a**3 + 33*a**2 - 272*a + 75. What is o(18)?
39
Let j(f) = 3*f**2 - 53*f - 24. Determine j(18).
-6
Let w(a) = -125*a + 25125. Give w(201).
0
Let v(m) = m**2 + 13*m - 10. What is v(-21)?
158
Let i(q) = -2*q**3 - 126*q**2 - 122*q + 56. Give i(-62).
-68
Let p(r) = -3*r**3 - 14*r**2 + 83*r + 15. Determine p(-8).
-9
Let q(k) = -k**3 - 60*k**2 - 111*k + 278. Calculate q(-58).
-12
Let o(c) = c**2 + 36*c - 541. What is o(14)?
159
Let q(t) = -t**2 - 287*t - 19759. What is q(-115)?
21
Let d(m) = -44*m + 653. Calculate d(32).
-755
Let j(f) = -4*f**2 - 179*f - 35. Calculate j(-46).
-265
Let v(m) = 286*m + 44896. Calculate v(-157).
-6
Let d(a) = -2*a**2 - 82*a + 82. Calculate d(-39).
238
Let m(u) = -14*u - 302. Determine m(-16).
-78
Let o(r) = r**2 + 13*r - 118. Give o(10).
112
Let g(n) = -3*n**2 - 66*n + 1090. Calculate g(-33).
1
Let w(f) = 12*f**2 + 86*f + 7. Give w(-7).
-7
Let l(w) = -28*w - 114. Give l(-4).
-2
Let y(v) = -7*v**2 - 208*v + 47. Calculate y(-30).
-13
Let c(z) = z**2 - 41*z + 10. Calculate c(38).
-104
Let g(i) = 76*i - 16567. What is g(218)?
1
Let r(a) = -a**3 + 20*a**2 + 63*a + 37. What is r(23)?
-101
Let r(x) = -5*x**2 - x + 33. Determine r(-5).
-87
Let a(r) = 11*r**2 + 119*r - 11. Determine a(-7).
-305
Let s(l) = -l**3 + 6*l**2 + 4*l - 5. Determine s(7).
-26
Let q(p) = -29696*p - 534528. Give q(-18).
0
Let f(q) = -q**3 + 30*q**2 + 180*q - 218. Calculate f(35).
-43
Let i(t) = -42*t - 290. Determine i(-11).
172
Let q(p) = -6*p**2 - 16*p - 73. Calculate q(-11).
-623
Let w(n) = -n**3 + 46*n**2 + 920*n + 70. Calculate w(-15).
-5
Let x(f) = 2*f**2 - 54*f + 57. Determine x(26).
5
Let r(x) = -159*x + 1276. What is r(8)?
4
Let x(w) = w**3 - 13*w**2 + 42*w + 6. Give x(7).
6
Let h(i) = i**3 - 9*i**2 - 4*i + 35. Determine h(8).
-61
Let k(i) = -40*i - 80. Determine k(-2).
0
Let i(h) = -2*h**2 - 135*h + 371. Calculate i(-70).
21
Let x(k) = k**3 - 2*k**2 + 18. Give x(0).
18
Let z(j) = -2*j*